- (6115 + -6170).
-7
Calculate 0 - 2 - -1 - 1 - (3857 - 3851).
-8
-60 + 54 + -48 + 2 + 17
-35
What is the value of -28 + 87 - 58 - -10?
11
Calculate 61 + -16 + 2 + 14.
61
Calculate -46 + 47 + -9 - (-3 + -2 + -1).
-2
Evaluate 51 - (-13 + 0 + (-2 - -9) + -15 + 19).
53
What is the value of 44 + (188 + -279 - (-30 - 3))?
-14
Calculate 61 + 2 - (37 - 32) - (-5 - -19).
44
What is 3 + (-35 + (-1 - 5) + 0 - -3)?
-35
Calculate -61 + 95 - (-3 + 5 + (-8 - -1)).
39
Evaluate (-3 - (10 + -14)) + -13 - -47.
35
Evaluate (38 - (95 - 39)) + 1 + 4 - (1 - -10).
-24
What is the value of -1 + 0 - -4 - ((17 - -101 - 31) + -72)?
-12
134 - (74 - -130) - (1 + -29)
-42
-46 + (-52 - (129 + -161))
-66
What is 0 + -20 - (-37 + -7 + 38)?
-14
What is the value of (1410 - 1409) + (-1 - (12 + 2))?
-14
What is 27 + 77 + -52 + -5?
47
Calculate 21 - (-75 + 63 + -6).
39
What is (-17 - -8 - -2) + (-84 + (-1 - -9) - -8)?
-75
Evaluate (-2 - 8 - (-2 - 0)) + 1445 + -1489 - -7.
-45
What is the value of -3 + 31 + (-1 + 0 - (494 + -516))?
49
Calculate (-6 + (7 - -12 - 10) - -2) + -2 - 21.
-18
What is the value of -12 + -41 - ((-5 - -11) + 0 + 0)?
-59
Calculate -7 - ((50 - 34) + (-4 - 2) + -14 + -38).
35
4 - (3 - (-1 - -1)) - (-172 + (235 - 114))
52
Evaluate -73 + -29 + 86 + (-5 + 3 - 58).
-76
Calculate -1 - (-11 + (3 - 5) + 119 + -156).
49
134 + (-1 - 190) + (0 - -9)
-48
2 + -15 - (-10 - (-18 - 2) - 78)
55
-7 - ((5 - (0 - 1)) + (-242 - -219)) - -2
12
Evaluate (54 - ((14 - 17) + 8)) + -7.
42
Calculate -108 + 36 + (-55 - -117).
-10
Evaluate -20 - (18 - -1 - (455 - 406)).
10
Calculate (-2 - -7) + 125 + (-13 - (-10 + 12)).
115
What is the value of 1311 + -1332 + (-4 - -116 - (-1 + 5))?
87
What is -39 + (90 - 11) + -67?
-27
79 + (-3 + 1 + -9 - (155 - 158))
71
What is the value of 14 - 4 - (47 - -1 - 3 - (61 - 57))?
-31
What is the value of -1653 + 1646 + 2 + -45 + -4?
-54
What is -92 + 28 + (30 - -7)?
-27
Calculate (80 - (48 - -23)) + (0 - (-4 + 7) - 22).
-16
57 + (-12 - (-46 + 80 + -35))
46
197 + -234 + (-34 - 2)
-73
Calculate -52 + 57 + 19 - (-2 - (-1 - -3)).
28
What is 38 - 8 - 14 - 26 - (-50 - 9 - -6)?
43
(10 - (-3 + 3)) + 114 + -174 + 46
-4
Calculate (95 - (10 - -27)) + 18.
76
What is the value of 1 + 101 - (435 + -378)?
45
Calculate 125 + (-186 - -62) + (80 - 4).
77
What is the value of (-10 - (3 - (-10 - 22))) + 0 + -3?
-48
Evaluate (150 - 85 - 94) + 57.
28
11 + -69 + (-9 - -15) + 1 + -7
-58
Calculate (-250 - -274) + (13 + 0 + -1 - 3).
33
What is the value of (13 - -141 - 169) + (0 - 72)?
-87
What is 46 - -8 - (-2 - (-13 + 17 + -2))?
58
What is the value of (43 - (38 + -117)) + (-8 - (0 - 2 - -2))?
114
(5 - 22 - (-82 - -164)) + (5 - -1)
-93
What is the value of -53 - (-36 - 37) - (55 - 4)?
-31
8 - (18 + 7 + -15 + 28 + -21)
-9
What is (0 - -1 - 18) + (-12 - (62 + -90))?
-1
(4 - 2) + 5 + -317 + 259 + 0 + 10
-41
What is -29 + (21 - ((29 - 10) + 10))?
-37
What is 21 + -48 + -93 - -99?
-21
Calculate (20 - (23 - 20)) + 229 + -171.
75
What is 1 - -2 - -15 - ((4 - 9 - -16) + -18)?
25
-38 + (-22 + 5 - -24) + 7
-24
Evaluate (-8 - (-11 + 5 + -9) - -2) + -3 - 1.
5
Calculate (42 - (19 + (21 - 22))) + 18.
42
What is -12 - -15 - -8 - ((-21 - -16) + (-4 - -95))?
-75
What is the value of 4 + (-11 + -13 + 18 - -17) + 1 + -21?
-5
Evaluate 40 + (42 - 11 - 39).
32
-1 + (2 + -6 - (-3 - 7 - -130)) - -5
-120
What is -23 - 25 - (3 + (42 - 135))?
42
Calculate 2 + 9 - (-59 + 120 + -107).
57
-21 + (19 - 32 - 9 - -21)
-22
What is the value of -143 - (-210 + 98) - (-31 + 0)?
0
Evaluate -21 - 8 - (271 - 185).
-115
Evaluate (48 - 31 - 35) + -5 + 10.
-13
What is the value of (-8 - -10) + 6 + -115 - (22 - (1 + 33))?
-95
What is 21 - 0 - ((92 - 77) + -17)?
23
What is (-20 - (-59 - 69)) + (-2 - 1)?
105
What is 632 + -602 + -9 + -87?
-66
(-27 - -11) + 19 + (1 - 23)
-19
Evaluate (35 - 1) + -10 + (38 - 29).
33
-1 - -74 - (7512 - 7507)
68
-105 + 182 + -25 + -46
6
What is the value of 0 + -20 + (-79 + 15 - -123)?
39
-9 + (6 + 24 - (1 - -14)) - (57 - -2)
-53
What is 84 + (52 - 35 - 5) + -2 + (-3 - 2)?
89
What is the value of (-4 - (44 + 2 - -1)) + (11 - 9) + 1?
-48
Evaluate 15 - (3 + 4) - (-37 + 48).
-3
Evaluate -14 - (-5 + (-50 - -12) + 22).
7
-69 - -7 - (-26 - (16 - (24 - 0)))
-44
Evaluate 5 + -4 + 1 + 15 + 10 + -19 + -5.
3
Evaluate 0 + (-25 + -5 - -6) - -100.
76
Calculate -16 - -78 - (-39 - (-14 + -51)).
36
Evaluate 12 - (-2 + 1) - (100 + (79 - 185)).
19
-9 + -17 + 12 - (5 + -22 - -2) - 138
-137
Calculate 12 + -3 + 2 + -11 + -41 + 56.
15
What is the value of 69 - (-14 + ((11 + -2 - 21) + 14 - -21))?
60
What is 74 + (48 - (-56 - -136))?
42
What is the value of -81 + 4 + 81 + (-1 + -2 - -32)?
33
Evaluate 116 - ((-19 - (-52 - 4)) + -3).
82
-133 - (12 + -31 + 11) - (-144 + 129)
-110
What is the value of 1264 - 1247 - (2 - -52)?
-37
(88 - 102 - -12) + 3
1
What is the value of 24 + (71 + -32 - 81)?
-18
(-19 - -1) + 28 + -11 + 3 - (-42 - 0)
44
Calculate (-5 - -5) + -36 - (2 - (6 - -5) - -10).
-37
What is (-1 + -5 - -7) + 445 + -387?
59
What is the value of (-14 - -6) + 19 - -3 - (2 - -6)?
6
What is -120 + 98 - (4 + (0 - 5) + -8)?
-13
95 - (119 - (113 - 78))
11
What is 34 + (1 + 21 - (842 + -808))?
22
Calculate -44 + 44 + 22 - 55.
-33
8 + -34 + 9 + -4 + (1 - 4)
-24
What is (18 - -16) + -38 + 5 + (1 - -58)?
60
What is the value of -44 + 0 + (-2007 - -2007)?
-44
What is the value of 67 + 8 + (-20 - 14) + -7?
34
What is (-2 - -9 - (17 + -3)) + (-3 + -37 - -15)?
-32
(-1545 - -1545) + (-11 - (-3 - -1)) - (-59 + -1)
51
What is the value of 0 - (-3 + -2) - ((-6 - -9) + -32 + 2)?
32
What is 4 - (-3 + -5 + (48 - 6))?
-30
What is the value of -105 - ((0 - (1 + 26)) + -7)?
-71
Evaluate 11 + -10 + (5 - 12) - (-3 - 75).
72
What is 71 + -30 + -26 + -8?
7
31 + -6 + 30 + (10 - 27) + -17
21
-35 - (-1 - -27 - (-1 + -4 + -112 + 129))
-49
Evaluate (-2 - 4 - -2) + (12 - (-21 + 32)) - -2.
-1
(2 - 31) + 11 + (-4 - -98)
76
What is -37 + 29 + (47 - (13 + -11))?
37
Calculate 15 + (-3 - (32 + (-8 - 0))).
-12
Evaluate -7 - (8 - (4 + -10) - (-31 - -33)).
-19
Calculate (7 - 23) + -3 - -41 - 9.
13
1 + -40 - (-30 + 21 - -16)
-46
Evaluate (13 - 1 - 8) + 23 - (-1 + -7).
35
Calculate (-18 - (-2 + -9)) + 20 + -8 + 1.
6
What is the value of -3 + 2 + -11 + -3 + 48 + -3 + 0?
30
-335 + 383 + 5 + -31
22
Evaluate 4 - (-13 - -39 - -15) - (3 - 12).
-28
What is the value of -42 - ((-34 + 32 - (0 + -4)) + -4 + 1)?
-41
What is -174 + 163 - (94 - 1)?
-104
Calculate (6 + -6 - 45) + (-9 - 2 - -22).
-34
What is the value of 10 + (-1 - -39 - 14)?
34
35 - (-31 + 12 + 20 + 3 + 3)
28
Calculate 4 - (0 + (22 - -9)) - (18 - (51 + -23)).
-17
What is -9 + 19 - ((-4 - -1) + 1 - 3 - -3)?
12
What is the value of -16 - -2 - 0 - (129 - 149) - 52?
-46
3 + -1 + -3 - 23 - (178 + (-287 - -99))
-14
Calculate (100 - -4 - 1) + (0 - -13 - (-1531 + 1544)).
103
What is the value of 17 - (-159 + 194 + 0 + -115)?
97
What is the value of -4 + (49 - 31 - -1)?
15
What is the value of 28 + 2 + 83 + (85 - 274)?
-76
-61 - (27 - 3 - 153)
68
Calculate 0 + -2 + (-22 - -23) + -56.
-57
What is the value of 5 + -8 + 42 - (707 + -592)?
-76
(89 - 99) + 0 + 13 - 52 - -5
-44
Evaluate 2 + (-1 + 7 - (-270 + 287)).
-9
Evaluate -2100 - -2100 - (-11 + 3).
8
120 + -196 + -47 - -8
-115
2 + (-1 - -4) + (35 - (72 + -39))
7
What is -16 + 52 + -21 + -25?
-10
1 - (-4 + 6 - 15 - -6) - (10 - 16)
14
Calculate 1 - (15 + (-6 - -27)) - (4 + -5 + -6).
-28
Evaluate -127 + 91 + (-7 - -15).
-28
(193 - (83 - -46)) + (-3 - -36)
97
What is the value of (10 - 14 - 1) + 14 + -98 + (0 - -5)?
-84
Evaluate (-6 + 9 - (0 - -5)) + 2 + -243 + 173.
-70
Calculate (2 - (-28 - -18)) + 6 + -13 + -3 - -4.
6
Calculate 10 + -7 + (-6 - (7 - -2)).
-12
What is 37 - (45 - (9 + 16)) - -97?
114
What is (-1 - (25 - 25) - -34) + -3?
30
Evaluate -20 + 9 + (7 - 0) + 31 - 16.
11
Calculate -70 - -114 - (1 + 37).
6
Evaluate 69 + -14 + -25 - 74.
-44
Calculate -42 - ((-19 - -31) + 13 + -20).
-47
(-4 - -1 - (2 + -12)) + -1 - (43 + 1)
-38
What is (17 - (19 + -12)) + (-12 - 59)?
-61
125 + 15 - (9 - -52)
79
What is (195 - 200) + 157 + (0 - -4) + 1 + -11?
146
Calculate 10 - (-1 + (-7 - -22 - (14 - (-2 + 4)))).
8
What is -11 - (-11 + 24 - 31) - -10?
17
What is the value of (-11 - (-35 - -26 - (11 + 3))) + 19?
31
9428 + -9333 - (131 - -1)
-37
Calculate -42 - (-109 + (82 - 48)).
33
